n divisor of 22 and o?
22
Let d(u) = -6 + u**3 - u**3 + u**3 + 7*u**2 + u. Let g be d(-3). What is the greatest common divisor of 3 and g?
3
Suppose -1 - 7 = -2*u. Suppose 0*y + u*y - 192 = 0. Calculate the highest common divisor of y and 12.
12
Suppose -3*l + 14 = -7. Suppose 0*m = 3*m - 4*g - 125, 4*m + 5*g - 115 = 0. Calculate the highest common divisor of l and m.
7
Let a be 70/15 - 2/(-6). Suppose 0 = a*v + 3 - 43. Calculate the greatest common factor of v and 8.
8
Let g(j) = 2*j**2 - 10*j - 23. Let x be g(13). What is the highest common divisor of 37 and x?
37
Let r(z) = z**3 - 11*z**2 + 21*z + 5. Let j be r(9). Calculate the highest common factor of j and 96.
32
Let s = -142 + 386. Suppose o = 2*o + 5*r - 111, r = 2*o - s. What is the greatest common divisor of o and 11?
11
Suppose 4*u - 8 = 2*t, 2*u = -u + 12. Suppose 0*p - p + t*k = -28, -2*p = 2*k - 6. What is the greatest common divisor of p and 20?
4
Suppose 5 - 330 = -5*l. Let a(h) = -h**2 - 3*h + 13. Let f be a(0). What is the greatest common factor of l and f?
13
Suppose 290 = 3*g + 74. What is the highest common factor of g and 8?
8
Let u(x) = 3*x**3. Let i be u(1). Suppose 62 = y + 3*y - i*j, 0 = -2*y - 2*j + 38. What is the greatest common divisor of 34 and y?
17
Suppose -30 = -0*x - 3*x. Suppose -518 + 158 = -4*u. What is the greatest common factor of u and x?
10
Suppose 16*h - 4*h - 108 = 0. What is the greatest common factor of 72 and h?
9
Suppose -5 = -z + 245. What is the greatest common factor of z and 50?
50
Let i(n) = -2*n**2 - 9*n - 4. Let h be i(-3). Calculate the highest common factor of h and 25.
5
Let l be (-2)/5*(-130)/2. Let c = -21 + l. Calculate the highest common factor of 40 and c.
5
Let z be 2/(-3) - (-12)/(-9). Let n be z/7 - (-1184)/28. Calculate the highest common divisor of 105 and n.
21
Let t be (-1)/(-1*(-2)/(-18)). Suppose 2*d = 4*u + 2, u + 2*d = 7*d - 14. What is the greatest common divisor of u and t?
1
Let c = 49 - -41. Calculate the highest common factor of c and 10.
10
Let d(o) = o**3 - 3*o**2 + 2*o + 4. Let w(b) = b**2 - b + 2. Let x be w(2). Let u be d(x). Calculate the greatest common factor of 7 and u.
7
Suppose 4*j = 3*v + 1 + 1, 2*j - 10 = 0. Suppose -4*x - v = -t - 6*x, 0 = 2*t - 5*x - 12. What is the highest common factor of t and 3?
3
Let i be (22/(-4))/1*-2. Let u = 1 - -1. Suppose 99 = g + u*g. Calculate the highest common factor of i and g.
11
Suppose -w = o - 4, 0*o + 12 = 2*w - 2*o. What is the highest common divisor of w and 155?
5
Let k(y) = y**3 + 12*y**2 - 21*y + 11. Let s be k(-13). What is the highest common factor of 23 and s?
23
Let d = 21 - 19. Let u be 5 + d + -1 + -2. Calculate the highest common divisor of u and 6.
2
Let q be 257 + (2 - -1 - 0). Calculate the highest common divisor of 26 and q.
26
Let k be 0 - (-3 + 3) - -4. Suppose 3*r - 4*c = -r + 1040, -3*c + 1012 = k*r. Calculate the highest common factor of r and 32.
32
Let z = -16 + 31. What is the highest common factor of z and 6?
3
Suppose -5*f = 5*m - 10, -6*m = -2*m + f - 20. Calculate the highest common divisor of m and 18.
6
Let b(v) = -v**3 - 6*v**2 - v - 5. Let a be b(-5). Let i = a - -41. What is the highest common divisor of 40 and i?
8
Let s = -65 - -145. Calculate the greatest common factor of 10 and s.
10
Let l be ((-15)/(-6))/((-2)/(-12)). Let f be -1*1*l/(-1). Let y be (30/(-7))/((-10)/280). What is the highest common factor of f and y?
15
Let t = 106 + -51. Let r(j) = 5*j + 2. Let z be r(4). Suppose -2*o = 4*g - 26, -4*g + z = 2*o - g. Calculate the greatest common factor of o and t.
5
Suppose -6 = -0*b + 2*b + 2*y, -2*b - 3*y = 11. Let m = 5 - b. Suppose 14 + 15 = 3*c - 4*n, m*n = -15. Calculate the highest common factor of 15 and c.
3
Let a be (0/(-2))/(0 + -2). Suppose -h - h = d - 4, 4*d + 4*h - 32 = a. Calculate the greatest common factor of d and 84.
12
Suppose k = -4*k + 20. Suppose -k*s + 16 = -32. What is the highest common divisor of s and 36?
12
Let h = -2 + 5. Suppose h*k = 5*i - 2*k - 90, -2*k = -5*i + 87. What is the highest common divisor of i and 85?
17
Suppose -2*f - 4*q + 9 = f, 4*q = 0. Suppose -4*i + 4 = f*p, 5*p = 3*i - 7 - 25. Let z be 15 - (p - -2)/2. Calculate the highest common factor of 144 and z.
16
Let k = 75 + -69. Calculate the highest common divisor of 96 and k.
6
Let c be 4/(-14) - (-2244)/14. Calculate the highest common divisor of c and 64.
32
Let d(k) = k**3 - 3*k**2 - 9*k + 20. Let h be d(7). Let s be (-2)/((-4)/38) - 2. What is the highest common divisor of s and h?
17
Let d(o) = o**3 - 5*o**2 + 2*o - 5. Let a be d(5). Let k be 8/((5/9)/a). Let l = 8 - -1. Calculate the highest common factor of k and l.
9
Suppose 0 = -x + 2*l + 37, -1 = -l - 2. Let u = x - 18. Calculate the highest common factor of 17 and u.
17
Let z(x) = x**2 - 6*x + 4. Let j be z(6). What is the highest common factor of j and 16?
4
Suppose 4*h = 449 - 1749. Let d be ((-2)/(-5))/((-13)/h). Calculate the highest common factor of 15 and d.
5
Let k be (-1 - -3)*(189/6 - 0). What is the greatest common divisor of 42 and k?
21
Let a = -271 - -381. Suppose 19 = -n + 47. Let b = n - 17. What is the highest common factor of b and a?
11
Let x be 5/((-5)/(-12)) - 1. Calculate the greatest common divisor of 110 and x.
11
Suppose -r = -j + 106, -2*j + r - 52 + 263 = 0. Suppose 0 = 3*v + 4*o - 53, 4*o = -0*v - 2*v + 38. What is the highest common divisor of v and j?
15
Suppose -14*m = -122 - 46. Calculate the highest common factor of m and 48.
12
Suppose 5*f + 10 - 1 = 3*w, -f + 2*w = -1. Let y = f + 27. What is the highest common factor of 16 and y?
8
Let m(j) = j**2 + 8*j - 10. Let v be m(-11). Suppose -3*g + 46 = -v. Calculate the greatest common divisor of g and 161.
23
Let x = 4 + -24. Let f = 33 + x. What is the highest common factor of f and 65?
13
Let a(r) = -2*r**3 - r**2 - 2*r - 2. Let v be a(-2). Let i = 19 - v. Calculate the highest common factor of 5 and i.
5
Suppose 2*d = -3*d. Suppose 4 = -2*o + 4. Suppose o = 4*r + u - 19, 4*r - u = -d*r + 13. Calculate the greatest common factor of 10 and r.
2
Let w(v) = 5*v + 3. Let q be w(-2). Let d(u) = -12*u. Let p be d(q). Let n = -31 + 43. What is the highest common divisor of p and n?
12
Let c be (36/(-3))/3 + 8. Suppose c*w - 5*w + 3 = 0. What is the greatest common factor of 3 and w?
3
Let m be (536/(-40) + 8)*-5. Suppose 0 = 3*g - 5*z - 47, -5*z + z = 2*g - 2. What is the highest common factor of g and m?
9
Let q = 29 - -3. What is the greatest common factor of 128 and q?
32
Let a(c) = 2*c**2 + 2*c + 1. Let z be a(2). Suppose -2*v + 125 = -31. What is the highest common divisor of z and v?
13
Suppose -2*a + 52 = 2*a. Let b = a - 6. Let m be ((-56)/(-5 + 6))/(-1). Calculate the highest common divisor of b and m.
7
Let n(f) = -f + 9. Let l be n(-11). Let o be 2/3 + l/(-3). Let b be (18/15)/(o/(-200)). Calculate the highest common factor of b and 8.
8
Let b(s) = s**3 - 10*s**2 - 6*s + 5. Let w be b(11). What is the highest common divisor of w and 90?
30
Suppose 4*b + 0*q = 3*q + 13, -25 = -5*q. What is the greatest common divisor of 49 and b?
7
Let p = -102 - -165. Calculate the highest common factor of 42 and p.
21
Suppose 0 = 4*k, 3*k + 0*k + 70 = 5*v. Calculate the greatest common divisor of v and 6.
2
Let v = 78 + -53. What is the greatest common factor of v and 275?
25
Suppose 5*b - 2*b = -3. Let y be (-2 - (-3 - 1)) + -1. Let z be (b - (y - 12)) + 3. Calculate the highest common divisor of 104 and z.
13
Let i(q) = q**3 + 10*q**2 + 9*q + 5. Let w be i(-9). What is the highest common factor of 40 and w?
5
Let u be (-24)/10*(-45)/18. Calculate the greatest common divisor of 30 and u.
6
Let a be (-1 - 2 - -5) + 5. Let y be (10*2/4)/(-1). Let i(g) = g**2 - 4. Let q be i(y). Calculate the greatest common divisor of q and a.
7
Let b(n) = -n**2 + 5. Let y be b(0). Suppose -w + y*f = 10, -8*w + 3*w + 2*f = -42. Let v = 4 - -76. What is the highest common divisor of v and w?
10
Suppose 4*z + 2*w + 2*w = 36, -3*z = -4*w - 48. Calculate the greatest common factor of 1 and z.
1
Suppose -10*o + 135 = -5*o. What is the greatest common factor of 27 and o?
27
Let h(x) = -x + 6. Let a be h(7). Let f(p) = -10*p**3 + p**2. Let w be f(a). Calculate the greatest common factor of 11 and w.
11
Suppose 3*f - 9 =